 2 - 5*s**3 + 5*s**3 - 4*s**3 + 5*s**3. What is o(0)?
-2
Let k(s) = -3*s + 3. Suppose -2*y + 4*c - 4 = -16, 5*c = 2*y - 16. Determine k(y).
9
Let h(n) = n**3 + 6*n**2 + 10*n + 16. Let d be h(-4). Let y(x) = x**3 - 9*x**2 + 9*x - 6. Determine y(d).
2
Let f(c) = 14 + 4*c + 0*c - 14. Calculate f(1).
4
Let v(g) = 3*g - 4. Let y(h) = -2*h - 7. Let q be y(-2). Give v(q).
-13
Let t(z) = -4*z**2 - 46 + 3*z**2 + 6*z + 48. Determine t(5).
7
Let u(c) be the second derivative of c**5/20 + c**4/12 + 3*c**2/2 + 9*c. Give u(-3).
-15
Let n(z) be the third derivative of z**4/24 - 2*z**3/3 + 5*z**2. What is n(2)?
-2
Let x(g) = g**2 - 6*g. Let r(j) = j**2 - j. Let m(l) = 5*r(l) - x(l). What is m(1)?
5
Suppose -2*r + 0*r + 6 = 0. Suppose 0 = 5*c - 4*c. Let d(n) = c*n + 3*n**2 - 2 + 0*n + 3*n**3 - 4*n**3. Calculate d(r).
-2
Let r(g) = g + 6. Let q be r(-5). Let i(h) = -3*h**2 + h. Calculate i(q).
-2
Let p = 4 + -8. Let u(b) = -2*b**3 + 5*b**3 - 5*b**2 - 2*b + 4 - 4*b**3. Determine u(p).
-4
Let v = -7 + -1. Let n(m) = m**2 + 8*m - 6. Determine n(v).
-6
Suppose 5*o + 4*t = -22, 0 = -2*o - 3*t + 8 - 21. Let v(c) = -c**2 - 2*c - 4. Calculate v(o).
-4
Let c(m) = m**3 - m**2 + m - 2. Let a(d) = -d + 1. Let x be a(7). Let f(h) = 5*h**2 - 5 - 1 - 4*h**2 + 5*h. Let z be f(x). Calculate c(z).
-2
Let d(z) = 7*z + 0 - 2 + 0 - 1. Suppose 4*c = -2*w - 11 - 13, 2*c = 2*w - 6. Let l be 2/w + 24/8. Calculate d(l).
11
Let d(t) = -4*t - 8. Let o(a) = a + 3. Let y(h) = 2*d(h) + 7*o(h). Calculate y(-4).
9
Let x(q) = -q**2 - 7*q. Let w be x(-7). Suppose u - 6*u = w. Let v(o) = o**3 + o**2 - o - 16. Give v(u).
-16
Let k(y) be the second derivative of y**3/3 + y**2 + 7*y. Give k(2).
6
Let b(v) = v**3 - 1. Suppose y + 5*w + 18 = -0*y, 4 = -4*y - 3*w. Let t = 2 - y. Determine b(t).
-1
Let n(g) = -g**2 + 7 - 5*g + 11*g + 2*g**2. Let h(l) = -l**2 - 5*l + 1. Let y be h(-6). Calculate n(y).
2
Let m(z) = -z**3 + 3*z**2 - z - 3. Suppose 2*y = -5*u - 41, 32 = -5*u + 4*y - 3*y. Let o(q) = -q**3 - 7*q**2 - q - 4. Let l be o(u). Calculate m(l).
-6
Let y = -14 - -13. Let w(t) = -5*t - 1. Give w(y).
4
Let l(y) be the first derivative of -2*y**2 - y - 6. What is l(-1)?
3
Let d be 0*(-3)/(-6)*-2. Suppose 5*c + 20 = d, j - 3*c - 6 = -0*j. Let a(p) = 2*p + 1. Determine a(j).
-11
Suppose -6*w + 70 = w. Let h(i) = i - 7. Give h(w).
3
Let f = -5 + 3. Let i(c) = 2*c - 2 + 4*c**2 + 4*c**3 - 3*c**3 + 0. What is i(f)?
2
Let b(j) = j**2 + 3. Let m be (3/(-1) - -2)*0. Suppose 5*i - y + 4 = 0, m = -i + 4*i - y + 4. Give b(i).
3
Let z = 8 - 5. Suppose 0 = 2*p + z*p. Let w(x) = -x**2 + 11. Give w(p).
11
Let s(f) = 2*f - 6. Let c = -19 + 24. Let q be s(c). Let r(a) = 3*a**2 + 9*a - 9. Let w(j) = 7*j**2 + 19*j - 19. Let h(y) = 9*r(y) - 4*w(y). Give h(q).
-1
Let d(v) = -v**2 + v. Let y(f) = 3*f**2 - 2*f - 2. Let j(z) = -5*d(z) - y(z). Suppose -2 = 5*k - 4*b - 6, k - 4*b + 12 = 0. Suppose 7*i + k = 9*i. Give j(i).
4
Let p(l) = l + 1. Suppose 2 + 8 = 2*q. Suppose -q*z - 7 = -22. Give p(z).
4
Let y(r) = -3 + 6 + 1 - r**2 - r. Suppose x - 6 = -3*l, -2*x = -3*l - 2*l + 21. Let d be 22/11*l/(-2). What is y(d)?
-2
Let b be 20/3 + ((-48)/(-18))/8. Let h(q) be the first derivative of b*q + 1 - 1/3*q**3 + 0*q**2. Calculate h(0).
7
Let c(x) = -x**3 - x**2 + x - 6. Let b = -124 + 124. What is c(b)?
-6
Let m(n) = -2*n**2 - 2*n. Suppose 4*l - 10 = -l. Let t be (5/5)/(l/4). Calculate m(t).
-12
Let g = -3 + 0. Let l(b) be the second derivative of b**4/24 - b**3/6 - 3*b**2/2 + 3*b. Let y(u) be the first derivative of l(u). What is y(g)?
-4
Let x = -59 - -62. Let w(r) be the second derivative of r**4/6 - 5*r**3/6 + 2*r**2 - r. Calculate w(x).
7
Let i(p) = 2*p + 6. Let t = -114 - -110. Give i(t).
-2
Let f(t) = 13 + 0*t**3 + t - 3*t**3 + 4*t**3. Suppose 4*l = 8, 4*z + z + 3*l - 6 = 0. Suppose -x = -z*x. Determine f(x).
13
Let o(b) be the second derivative of -b**3/2 - 2*b**2 + 19*b. Let j(i) = i**3 - 5*i**2 - 2*i + 5. Let r be j(5). Determine o(r).
11
Let h(a) = -7*a**3 + 5*a**2 + 3*a - 4. Let d be (-3)/3 + 1 - -2. Let j(w) = -6*w**3 + 4*w**2 + 2*w - 3. Let i(p) = d*h(p) - 3*j(p). What is i(1)?
3
Suppose 0*y = y - 8. Let w(k) = -k**2 + 9*k + 2. Let v be w(y). Suppose -2*z = -3*h + 21, 0 = -h - 4*z - z - v. Let r(q) = q**2 - 5*q + 4. Give r(h).
4
Suppose -3*k + k = -2. Let z be -1 + (k - 5/(-1)). Let b(l) = l**3 - 4*l**2 - 6*l + 7. Give b(z).
2
Suppose 48 = 10*d - 14*d. Let x = -9 - d. Let v(l) = -3*l**2 + 3*l + 3. What is v(x)?
-15
Let g(u) = u**3 - 9*u**2 - 9*u - 14. Let h = -86 + 96. Determine g(h).
-4
Let o(m) = -3 - m**3 + 3*m**2 + m**2 + 2 + m. Let t(f) = f + 13. Let i be t(-9). Determine o(i).
3
Let u(c) be the third derivative of -c**5/60 + 3*c**4/8 - 2*c**3/3 + 36*c**2. Calculate u(7).
10
Let i(s) = 7 - 2*s + 2*s**2 - s**3 + s - 9. Let f be i(2). Let b(j) = 2*j**2 + 6*j + 6. Calculate b(f).
14
Let j(y) be the third derivative of 0 + 0*y + 0*y**3 + 1/240*y**6 - 1/12*y**4 + 1/120*y**5 + y**2. Let f(q) be the second derivative of j(q). What is f(1)?
4
Let n(r) = -2*r + 2. Suppose o - c = 0, 0 = 7*o - 2*o + 5*c - 20. Suppose 0 = 3*z - o*z - 3. Give n(z).
-4
Let q(c) = -c**2 - c + 1. Let o(t) = -3*t**2 - 5*t + 5. Let p(u) = o(u) - 2*q(u). Give p(-5).
-7
Let z(r) = -r - 8. Let x(o) = o**3 - 7*o**2 + 6*o + 2. Let i be x(6). Let j = 2 + -4. Let c = i + j. Determine z(c).
-8
Suppose -1 = -3*b + 2*b. Let m(l) = l**2 - 2*l + 1. Determine m(b).
0
Let q(t) = -2*t + 1. Let r(s) be the first derivative of 7*s**2/2 - 3*s + 4. Let d(k) = -22*q(k) - 6*r(k). Determine d(3).
2
Let m be (15/6)/(1/2). Let t(k) = -m*k**2 + 2*k**2 + 6*k**3 + k**2 + k**2. Give t(-1).
-7
Let v(l) be the second derivative of l**6/72 + l**5/120 + l**4/6 + 2*l. Let m(d) be the third derivative of v(d). Let h = -2 + 1. Calculate m(h).
-9
Let x(j) = 4*j**2 + 7*j - 10 + 15 - j. Let w(l) = 7*l**2 + 13*l + 11. Let n(g) = 3*w(g) - 5*x(g). Determine n(-7).
-6
Let u(s) = -s + 5. Let w = -8 - -13. Give u(w).
0
Let u(f) = f. Let b(d) = 2*d + 4. Let c(a) = b(a) - 3*u(a). Give c(4).
0
Suppose 23*o - 27*o = -4. Let i(l) = -l**2 - l + 1. Calculate i(o).
-1
Let h be 4/10 + (-54)/(-15). Let g(j) be the third derivative of j**4/8 - 2*j**3/3 + 7*j**2. What is g(h)?
8
Let w(d) = d**2 + 4*d + 5. Let z(c) = 3*c**2 + 11*c + 14. Let r(b) = 11*w(b) - 4*z(b). Calculate r(2).
-5
Let r(j) be the third derivative of 0 + 0*j**3 - j**2 + 0*j - 1/24*j**4 + 1/60*j**5. Let x(l) = l - 6. Let m be x(8). Calculate r(m).
2
Let y(c) = c**2 + 6*c + 2. Let t = -18 + 13. Determine y(t).
-3
Let k(y) = -y**3 - 11*y**2 - y - 6. Let s(u) = u**2 + 16*u + 28. Let w be s(-13). Determine k(w).
5
Suppose -5*f = -5*l, 13*f - 10*f + 2*l = -25. Suppose -t + 9 = -1. Let j = t + f. Let c(a) = -a**3 + 4*a**2 + 5*a + 5. Calculate c(j).
5
Let q(i) = -4*i - 3. Let g(h) = -2*h**2 - 3*h. Let p = 11 + -2. Let y be 5/((-15)/p) + 1. Let a be g(y). What is q(a)?
5
Let h(x) be the first derivative of 1 + x - x**2 - 1/3*x**3. Let s be h(-3). Let z(a) = -2*a + 2. Give z(s).
6
Let m(q) = q + 1. Let h(d) = 9*d. Let j(i) = -h(i) + 5*m(i). Determine j(4).
-11
Suppose 4*o - 2*o = 4*s + 26, 0 = 4*o + 4*s - 16. Let v(j) = j**3 + o - 16*j - 4 + 12*j + 4*j**2. Let g(x) = 2*x - 1. Let i be g(-2). Determine v(i).
-2
Let o(k) = k**3 + k**2 - k - 1. Let t(z) = -1. Let y(x) = -o(x) + 3*t(x). Determine y(-2).
0
Let b(l) be the second derivative of -l**3/3 - 2*l**2 - 2*l. Calculate b(-7).
10
Let z(q) = -4*q**3 - 4*q**3 - 5*q**2 + q + 5*q + 7. Let y(d) = -7*d**3 - 4*d**2 + 5*d + 6. Let p(c) = 7*y(c) - 6*z(c). Let b = -10 - -11. Give p(b).
0
Let m be (1/(-2))/(1/(-6)). Let t(u) = u + 10. Let i be t(-7). Let a(y) = 1 - i + 4 - m + 6*y. Calculate a(2).
11
Suppose -14 = -4*v + 10. Let l(x) = -11 + 2*x - x + 4 + x**3 - 3*x + v*x**2. Give l(-6).
5
Let u(f) be the first derivative of -f**4/4 + f**3/3 - 3*f + 1. Calculate u(0).
-3
Let p(z) = z**2 + 4*z + 3. Let g be 15/5 + 6/1. Let t(s) be the third derivative of s**5/60 - s**4/3 - 2*s**3 - s**2. Let i be t(g). Determine p(i).
0
Let x(z) = z**2 - 12*z - 4. Let l(k) = 6*k**2 - 61*k - 20. Let o(a) = -2*l(a) + 11*x(a). Determine o(-9).
5
Let a(q) = 3*q - 3. Let h(w) = 3*w - 2. Let o = -8 + 4. Let v(y) = o*h(y) + 3*a(y). What is v(-1)?
2
Let f = -7 - -25. Let j be f/4 + (-4)/8. Let i(u) be the second derivative of -u